te number?
False
Is 582328061 a composite number?
True
Is 16032341047 composite?
True
Is 810915279 a composite number?
True
Is 2131012505 a composite number?
True
Is 1757609297 composite?
False
Is 9418276927 a composite number?
False
Is 81104304511 prime?
False
Is 277062802 prime?
False
Is 4468268419 a prime number?
False
Is 97352147467 a prime number?
False
Is 29350723 a composite number?
False
Is 367800943 composite?
False
Is 18027378557 a prime number?
True
Is 37621812533 a composite number?
True
Is 21128188121 composite?
False
Is 1795760009 a composite number?
False
Is 2091044621 a prime number?
True
Is 46253806007 a composite number?
True
Is 4918655671 a prime number?
False
Is 157671161 a composite number?
True
Is 8086891909 prime?
True
Is 38889261499 prime?
False
Is 37993433 prime?
True
Is 4458393959 composite?
False
Is 2752346557 a composite number?
False
Is 33240062951 a composite number?
True
Is 8366150827 a prime number?
True
Is 2356023049 a composite number?
True
Is 786620557 prime?
False
Is 1697775293 prime?
False
Is 1012672441 a composite number?
True
Is 132525593 a prime number?
True
Is 3740312977 prime?
False
Is 8694486029 a composite number?
True
Is 1934589757 prime?
True
Is 7674887681 prime?
False
Is 71949300067 composite?
False
Is 25621035673 prime?
True
Is 1365316289 composite?
False
Is 25639112959 a composite number?
True
Is 8475890879 a composite number?
False
Is 55436576489 a composite number?
True
Is 3772888739 a prime number?
True
Is 6392141927 composite?
False
Is 131169527 prime?
False
Is 1025296539 composite?
True
Is 293186876533 prime?
False
Is 682521353 a prime number?
True
Is 152813842 prime?
False
Is 19423626514 composite?
True
Is 18982297463 prime?
False
Is 61927983083 a prime number?
False
Is 183754723 a composite number?
False
Is 99014717 composite?
False
Is 188385602973 a prime number?
False
Is 12098118181 a prime number?
False
Is 346404544415 composite?
True
Is 17761047389 composite?
True
Is 157986102721 prime?
False
Is 664234261 a prime number?
True
Is 1170561083 prime?
False
Is 46681403631 composite?
True
Is 2867623753 a prime number?
False
Is 6552636551 composite?
True
Is 330709187 a composite number?
True
Is 4932390193 a prime number?
True
Is 33911637709 composite?
True
Is 80936357 prime?
True
Is 2275252121 a composite number?
False
Is 42170977331 a composite number?
True
Is 52002996973 a prime number?
False
Is 4576723377 a prime number?
False
Is 2636954735 a prime number?
False
Is 982513043 prime?
True
Is 20864217578 prime?
False
Is 171131743 composite?
True
Is 1158415859 a composite number?
True
Is 536769501 prime?
False
Is 2033937622 a composite number?
True
Is 3487998281 a composite number?
True
Is 1832094521 a composite number?
False
Is 15923917903 a composite number?
True
Is 1290760883 a prime number?
True
Is 4882928521 a prime number?
True
Is 1669776203 composite?
False
Is 101329733 a composite number?
True
Is 105053989661 prime?
True
Is 1083697 prime?
False
Is 136673171 a prime number?
True
Is 3236342051 a prime number?
True
Is 3321685727 prime?
True
Is 1638400259 a composite number?
False
Is 755081801 a prime number?
False
Is 62576387 prime?
True
Is 5390900773 composite?
True
Is 2304219749 a prime number?
False
Is 1299665201 prime?
True
Is 417951977 prime?
False
Is 576309131 composite?
True
Is 10542770257 a prime number?
True
Is 191912112695 a prime number?
False
Is 1815499414 a prime number?
False
Is 55939140743 prime?
False
Is 5618901611 a prime number?
False
Is 31125051911 a composite number?
True
Is 4624281251 a prime number?
False
Is 1522017443 composite?
False
Is 3864691553 composite?
True
Is 1863632227 a composite number?
False
Is 64722114851 prime?
True
Is 8832780991 composite?
False
Is 840074089 prime?
False
Is 6745009009 a composite number?
False
Is 5504794747 composite?
False
Is 25147137931 a prime number?
True
Is 49509479969 a composite number?
True
Is 575174191 prime?
False
Is 16954017949 a prime number?
False
Is 21951648637 a prime number?
False
Is 6730200289 a composite number?
False
Is 4533998513 composite?
True
Is 195992933993 a prime number?
True
Is 10398047471 prime?
False
Is 11858424701 a prime number?
False
Is 7229513 prime?
True
Is 1046730809 a prime number?
True
Is 18123869341 a composite number?
False
Is 381776779 composite?
False
Is 80743743331 prime?
True
Is 69698480003 a composite number?
False
Is 4515211627 prime?
False
Is 12202735973 a composite number?
True
Is 424886599 a prime number?
True
Is 42708378683 composite?
True
Is 241896763 a composite number?
False
Is 24446671 a composite number?
True
Is 1774075795 composite?
True
Is 2640981103 a composite number?
False
Is 11445755669 prime?
False
Is 7911871783 a composite number?
False
Is 98298337 a prime number?
True
Is 293490931 composite?
True
Is 3883558807 composite?
True
Is 15423197059 composite?
False
Is 164857547359 a prime number?
True
Is 6732207767 prime?
False
Is 2920338101 a composite number?
True
Is 888187981 a prime number?
True
Is 505936747 a composite number?
False
Is 11119317943 a composite number?
False
Is 69765893 a prime number?
True
Is 1016791499 a composite number?
False
Is 1375375753 a composite number?
True
Is 175220659 a composite number?
True
Is 44194479421 a composite number?
False
Is 48958021909 a composite number?
True
Is 1153474039 a composite number?
False
Is 160901513 composite?
True
Is 386063446817 composite?
False
Is 10402810247 a prime number?
True
Is 3386907383 a composite number?
False
Is 11587796809 prime?
True
Is 66851053 a composite number?
False
Is 67529498797 a prime number?
True
Is 239870933 a prime number?
False
Is 54586788941 a composite number?
False
Is 52443100271 a composite number?
False
Is 6477559387 a prime number?
False
Is 1144339613 a composite number?
False
Is 10671180931 a composite number?
True
Is 5810068867 prime?
True
Is 1170875389 prime?
True
Is 47174507293 prime?
False
Is 1760333285 composite?
True
Is 9890157413 composite?
False
Is 8786460737 prime?
True
Is 35702539721 a composite number?
True
Is 3303797251 a composite number?
True
Is 372258701 composite?
False
Is 565282073 composite?
False
Is 16264093179 prime?
False
Is 1863827 prime?
False
Is 1203822913 a prime number?
False
Is 3619845641 a composite number?
True
Is 84474564847 composite?
True
Is 1108744687 prime?
True
Is 2600941703 a prime number?
True
Is 149722597 a composite number?
False
Is 49144889537 prime?
True
Is 26076973513 a composite number?
True
Is 7452948769 prime?
False
Is 80348573 prime?
True
Is 2903780123 prime?
True
Is 4098121871 a prime number?
True
Is 22210819123 composite?
False
Is 2743520977 prime?
True
Is 643499737 prime?
False
Is 97287605761 composite?
False
Is 393758083 composite?
False
Is 753341059 composite?
False
Is 8591810869 a composite number?
False
Is 851476729 composite?
True
Is 163057513 composite?
False
Is 2247593429 a prime number?
False
Is 3793502203 a composite number?
True
Is 3113220503 a prime number?
False
Is 61149077081 prime?
False
Is 12093739277 a prime number?
True
Is 39888183065 prime?
False
Is 15847907743 a prime number?
False
Is 9772372642 composite?
True
Is 3789290702 a composite number?
True
Is 34069293089 a composite number?
True
Is 9554404829 prime?
False
Is 508572841 a composite number?
True
Is 2649222073 prime?
False
Is 113050341941 composite?
False
Is 17034254782 prime?
False
Is 212423134409 a composite number?
True
Is 22420742749 composite?
False
Is 16664905637 composite?
True
Is 2201591141 prime?
False
Is 54860509069 prime?
False
Is 646342415 prime?
False
Is 1975922747 prime?
True
Is 6662526241 composite?
True
Is 8093301791 prime?
True
Is 6904619927 a prime number?
True
Is 9498091411 a composite number?
False
Is 18733193 composite?
True
Is 36690733703 prime?
False
Is 329184403 a prime number?
False
Is 700626293 a prime number?
True
Is 67762365293 a composite number?
True
Is 2065687997 composite?
True
Is 12198819921 composite?
True
Is 649215673 prime?
False
Is 22632070543 composite?
True
Is 2505553073 composite?
False
Is 1839082939 prime?
True
Is 11364133573 prime?
False
Is 88241761 composite?
False
Is 705064601 prime?
False
Is 4561353343 a prime number?
True
Is 4606497419 a composite number?
False
Is 4941873611 prime?
True
Is 25311079019 a composite nu